{"id":91,"date":"2011-10-30T23:36:19","date_gmt":"2011-10-30T23:36:19","guid":{"rendered":"http:\/\/alex-broderie.nexenservices.com\/?page_id=91"},"modified":"2024-05-06T23:53:27","modified_gmt":"2024-05-06T21:53:27","slug":"broderie-sur-linge-de-maison","status":"publish","type":"page","link":"https:\/\/www.alex-broderie.fr\/index.php\/accueil\/comment-suis-je-equipe\/broderie-sur-linge-de-maison\/","title":{"rendered":"Broderie sur linge de maison"},"content":{"rendered":"<p>&nbsp;<\/p>\n<p>Alex broderie peut aussi broder tout type de dessins ou logo sur la plupart des supports textile ou cuir. A noter toute fois que les tissus \u00e9lastiques sont \u00e0 proscrire.<\/p>\n<p>La broderie sur linge de maison est donc tout \u00e0 fait possible.<\/p>\n<p>Vous trouverez ci dessous un exemple de personnalisation de serviettes ou peignoirs.<\/p>\n<p><a href=\"http:\/\/www.alex-broderie.fr\/wp-content\/uploads\/2011\/10\/serviettes-pierre-er-c\u00e9cile.jpg\"><img loading=\"lazy\" decoding=\"async\" class=\"alignnone size-medium wp-image-115\" title=\"serviettes pierre er c\u00e9cile\" alt=\"\" src=\"http:\/\/www.alex-broderie.fr\/wp-content\/uploads\/2011\/10\/serviettes-pierre-er-c\u00e9cile-300x273.jpg\" width=\"300\" height=\"273\" \/><\/a> <a href=\"http:\/\/www.alex-broderie.fr\/wp-content\/uploads\/2011\/10\/IMG_3072.jpg\"><img loading=\"lazy\" decoding=\"async\" class=\"alignnone size-medium wp-image-146\" title=\"IMG_3072\" alt=\"\" src=\"http:\/\/www.alex-broderie.fr\/wp-content\/uploads\/2011\/10\/IMG_3072-183x300.jpg\" width=\"183\" height=\"300\" \/><\/a> <a href=\"http:\/\/www.alex-broderie.fr\/wp-content\/uploads\/2011\/10\/IMG_3070.jpg\"><img loading=\"lazy\" decoding=\"async\" class=\"alignnone size-medium wp-image-147\" title=\"IMG_3070\" alt=\"\" src=\"http:\/\/www.alex-broderie.fr\/wp-content\/uploads\/2011\/10\/IMG_3070-200x300.jpg\" width=\"200\" height=\"300\" \/><\/a><\/p>\n<p>La gamme de linge de maison disponible est tr\u00e9s large.<\/p>\n<p>Alex broderie peut \u00e9galement faire de la personnalisation pour les sorties de bain pour enfant. Id\u00e9al pour les cadeaux de naissance par exemple.<\/p>\n<p>Vous trouverez ci dessous un exemple de mod\u00e9le pour fille en rose. Il existe bien entendu les mod\u00e9les bleu pour les gar\u00e7ons ou blanc poour les deux.<\/p>\n<p><a href=\"http:\/\/www.alex-broderie.fr\/wp-content\/uploads\/2011\/10\/broderie-sortie-de-bain1.jpg\"><img loading=\"lazy\" decoding=\"async\" class=\"alignnone size-medium wp-image-200\" title=\"broderie sortie de bain\" alt=\"\" src=\"http:\/\/www.alex-broderie.fr\/wp-content\/uploads\/2011\/10\/broderie-sortie-de-bain1-300x241.jpg\" width=\"300\" height=\"241\" \/><\/a><\/p>\n<p>Pour une sortie de bain pour enfant broder au nom de l&rsquo;enfant, comptez 30 euros plus port.<\/p>\n<p>Il est aussi possible de faire des peignoir pour enfant bien entendu.<\/p>\n<p>Pour les naissance, je propose des peignoirs en 2 ans. Ils grandissent tellement vite qu&rsquo;il n&rsquo;ont pas le temps de porter le plus petit. Alors qu&rsquo;en deux ans, on a peut \u00eatre une chance de les garder un peu plus longtemps. Je parle d&rsquo;exp\u00e9rience.<\/p>\n<p>Pour le peignoir seul compt\u00e9 40\u20ac plus port<\/p>\n<p><a href=\"http:\/\/www.alex-broderie.fr\/wp-content\/uploads\/2011\/10\/broderie-peignoir-enfant-dos.jpg\"><img loading=\"lazy\" decoding=\"async\" class=\"alignnone size-medium wp-image-206\" title=\"broderie peignoir enfant dos\" alt=\"\" src=\"http:\/\/www.alex-broderie.fr\/wp-content\/uploads\/2011\/10\/broderie-peignoir-enfant-dos-300x218.jpg\" width=\"300\" height=\"218\" \/><\/a><\/p>\n<p>Et bien entendu le kit naissance avec les deux assorties.<\/p>\n<p><a href=\"http:\/\/www.alex-broderie.fr\/wp-content\/uploads\/2011\/10\/broderie-sortie-de-bain-et-peignoir-enfant.jpg\"><img loading=\"lazy\" decoding=\"async\" class=\"alignnone size-medium wp-image-207\" title=\"broderie sortie de bain et peignoir enfant\" alt=\"\" src=\"http:\/\/www.alex-broderie.fr\/wp-content\/uploads\/2011\/10\/broderie-sortie-de-bain-et-peignoir-enfant-300x184.jpg\" width=\"300\" height=\"184\" \/><\/a><\/p>\n<p>On peut aussi ajouter au kit le petit bavoir brod\u00e9.<\/p>\n<p>Bien entendu chaque \u00e9l\u00e9ment peut \u00eatre fourni s\u00e9par\u00e9ment du reste.<\/p>\n<p><a href=\"http:\/\/www.alex-broderie.fr\/wp-content\/uploads\/2011\/10\/Broderie-de-Bavoir.jpg\"><img loading=\"lazy\" decoding=\"async\" class=\"alignnone size-medium wp-image-250\" alt=\"Broderie de Bavoir\" src=\"http:\/\/www.alex-broderie.fr\/wp-content\/uploads\/2011\/10\/Broderie-de-Bavoir-200x300.jpg\" width=\"200\" height=\"300\" \/><\/a> <a href=\"http:\/\/www.alex-broderie.fr\/wp-content\/uploads\/2011\/10\/Broderie-de-peignoir-enfant.jpg\"><img loading=\"lazy\" decoding=\"async\" class=\"alignnone size-medium wp-image-251\" alt=\"Broderie de peignoir enfant\" src=\"http:\/\/www.alex-broderie.fr\/wp-content\/uploads\/2011\/10\/Broderie-de-peignoir-enfant-300x200.jpg\" width=\"300\" height=\"200\" \/><\/a> <a href=\"http:\/\/www.alex-broderie.fr\/wp-content\/uploads\/2011\/10\/Broderie-de-sortie-de-bain-enfant.jpg\"><img loading=\"lazy\" decoding=\"async\" class=\"alignnone size-medium wp-image-252\" alt=\"Broderie de sortie de bain enfant\" src=\"http:\/\/www.alex-broderie.fr\/wp-content\/uploads\/2011\/10\/Broderie-de-sortie-de-bain-enfant-200x300.jpg\" width=\"200\" height=\"300\" \/><\/a><\/p>\n<p>Le petit logo sous le pr\u00e9nom est celi de la marque de la boutique des parents.<\/p>\n<p>Nous pouvons fournir tout type de linge de maison et de toute qualit\u00e9.<\/p>\n<p>N&rsquo;hesitez pas \u00e0 demander pour un devis.<\/p>\n<p>&nbsp;<\/p>\n<div class=\"mcePaste\" id=\"_mcePaste\" style=\"left: -10000px; overflow: hidden; width: 1px; position: absolute; top: 0px; height: 1px;\">?<\/div>\n","protected":false},"excerpt":{"rendered":"<p>&nbsp; Alex broderie peut aussi broder tout type de dessins ou logo sur la plupart des supports textile ou cuir. A noter toute fois que les tissus \u00e9lastiques sont \u00e0 proscrire. La broderie sur linge de maison est donc tout \u00e0 fait possible. Vous trouverez ci dessous un exemple de personnalisation de serviettes ou peignoirs. [&hellip;]<\/p>\n","protected":false},"author":2,"featured_media":0,"parent":10,"menu_order":3,"comment_status":"closed","ping_status":"closed","template":"","meta":{"footnotes":""},"class_list":["post-91","page","type-page","status-publish","hentry"],"_links":{"self":[{"href":"https:\/\/www.alex-broderie.fr\/index.php\/wp-json\/wp\/v2\/pages\/91","targetHints":{"allow":["GET"]}}],"collection":[{"href":"https:\/\/www.alex-broderie.fr\/index.php\/wp-json\/wp\/v2\/pages"}],"about":[{"href":"https:\/\/www.alex-broderie.fr\/index.php\/wp-json\/wp\/v2\/types\/page"}],"author":[{"embeddable":true,"href":"https:\/\/www.alex-broderie.fr\/index.php\/wp-json\/wp\/v2\/users\/2"}],"replies":[{"embeddable":true,"href":"https:\/\/www.alex-broderie.fr\/index.php\/wp-json\/wp\/v2\/comments?post=91"}],"version-history":[{"count":1,"href":"https:\/\/www.alex-broderie.fr\/index.php\/wp-json\/wp\/v2\/pages\/91\/revisions"}],"predecessor-version":[{"id":1765,"href":"https:\/\/www.alex-broderie.fr\/index.php\/wp-json\/wp\/v2\/pages\/91\/revisions\/1765"}],"up":[{"embeddable":true,"href":"https:\/\/www.alex-broderie.fr\/index.php\/wp-json\/wp\/v2\/pages\/10"}],"wp:attachment":[{"href":"https:\/\/www.alex-broderie.fr\/index.php\/wp-json\/wp\/v2\/media?parent=91"}],"curies":[{"name":"wp","href":"https:\/\/api.w.org\/{rel}","templated":true}]}}