{"id":305,"date":"2013-05-08T20:23:38","date_gmt":"2013-05-08T20:23:38","guid":{"rendered":"http:\/\/www.alex-broderie.fr\/?page_id=305"},"modified":"2024-05-06T23:53:27","modified_gmt":"2024-05-06T21:53:27","slug":"accueil","status":"publish","type":"page","link":"https:\/\/www.alex-broderie.fr\/","title":{"rendered":"Accueil"},"content":{"rendered":"\n<div class=\"wp-block-columns is-layout-flex wp-container-core-columns-is-layout-9d6595d7 wp-block-columns-is-layout-flex\">\n<div class=\"wp-block-column is-layout-flow wp-block-column-is-layout-flow\" style=\"flex-basis:66.66%\">\n<p>Bonjour et bienvenue sur le site d&rsquo;Alex Broderie.<\/p>\n<p>Vous trouverez dans les diff\u00e9rentes pages une partie de mes r\u00e9alisations.<\/p>\n<p>Bonne visite et n&rsquo;h\u00e9sitez pas \u00e0 me contacter. J&rsquo;essaye de r\u00e9pondre \u00e0 tout le monde.<\/p>\n<p>\u00a0<a href=\"http:\/\/www.alex-broderie.fr\/wp-content\/uploads\/2011\/10\/stampe-tranche-fini.jpg\"><img loading=\"lazy\" decoding=\"async\" class=\"alignnone size-medium wp-image-78\" src=\"http:\/\/www.alex-broderie.fr\/wp-content\/uploads\/2011\/10\/stampe-tranche-fini-262x300.jpg\" alt=\"stampe tranche fini\" width=\"262\" height=\"300\" \/><\/a><\/p>\n<\/div>\n\n\n\n<div class=\"wp-block-column is-layout-flow wp-block-column-is-layout-flow\" style=\"flex-basis:33.33%\">\n<p><strong>Le formulaire de contact est de nouveau op\u00e9rationnel !<\/strong><\/p>\n\n\n\n<p>J&rsquo;ai rencontr\u00e9 des probl\u00e8mes de messagerie mais tout est r\u00e9gl\u00e9.<\/p>\n\n\n\n<p>Rendez vous sur la page contact pour me laisser un message ! <\/p>\n\n\n\n<div class=\"wp-block-buttons is-layout-flex wp-block-buttons-is-layout-flex\">\n<div class=\"wp-block-button\"><a class=\"wp-block-button__link wp-element-button\" href=\"https:\/\/www.alex-broderie.fr\/index.php\/me-contacter\/\">Me contacter<\/a><\/div>\n<\/div>\n<\/div>\n<\/div>\n","protected":false},"excerpt":{"rendered":"<p>Bonjour et bienvenue sur le site d&rsquo;Alex Broderie. Vous trouverez dans les diff\u00e9rentes pages une partie de mes r\u00e9alisations. Bonne visite et n&rsquo;h\u00e9sitez pas \u00e0 me contacter. J&rsquo;essaye de r\u00e9pondre \u00e0 tout le monde. \u00a0 Le formulaire de contact est de nouveau op\u00e9rationnel ! J&rsquo;ai rencontr\u00e9 des probl\u00e8mes de messagerie mais tout est r\u00e9gl\u00e9. Rendez [&hellip;]<\/p>\n","protected":false},"author":2,"featured_media":0,"parent":0,"menu_order":0,"comment_status":"closed","ping_status":"closed","template":"","meta":{"footnotes":""},"class_list":["post-305","page","type-page","status-publish","hentry"],"_links":{"self":[{"href":"https:\/\/www.alex-broderie.fr\/index.php\/wp-json\/wp\/v2\/pages\/305","targetHints":{"allow":["GET"]}}],"collection":[{"href":"https:\/\/www.alex-broderie.fr\/index.php\/wp-json\/wp\/v2\/pages"}],"about":[{"href":"https:\/\/www.alex-broderie.fr\/index.php\/wp-json\/wp\/v2\/types\/page"}],"author":[{"embeddable":true,"href":"https:\/\/www.alex-broderie.fr\/index.php\/wp-json\/wp\/v2\/users\/2"}],"replies":[{"embeddable":true,"href":"https:\/\/www.alex-broderie.fr\/index.php\/wp-json\/wp\/v2\/comments?post=305"}],"version-history":[{"count":3,"href":"https:\/\/www.alex-broderie.fr\/index.php\/wp-json\/wp\/v2\/pages\/305\/revisions"}],"predecessor-version":[{"id":1786,"href":"https:\/\/www.alex-broderie.fr\/index.php\/wp-json\/wp\/v2\/pages\/305\/revisions\/1786"}],"wp:attachment":[{"href":"https:\/\/www.alex-broderie.fr\/index.php\/wp-json\/wp\/v2\/media?parent=305"}],"curies":[{"name":"wp","href":"https:\/\/api.w.org\/{rel}","templated":true}]}}