{"id":29,"date":"2011-10-17T22:30:28","date_gmt":"2011-10-17T22:30:28","guid":{"rendered":"http:\/\/alex-broderie.nexenservices.com\/?page_id=29"},"modified":"2024-05-06T23:53:27","modified_gmt":"2024-05-06T21:53:27","slug":"29-2","status":"publish","type":"page","link":"https:\/\/www.alex-broderie.fr\/index.php\/accueil\/comment-suis-je-equipe\/29-2\/","title":{"rendered":"Broderie sur casquette"},"content":{"rendered":"<p>Alex broderie a la capacit\u00e9 de broder sur casquette des logos ou des dessins.<\/p>\n<p>Alex broderie utilise des casquettes de\u00a0qualit\u00e9 et en taille unique permettant d&rsquo;aller sur toutes les t\u00eates de l&rsquo;\u00e2ge de 4 ans \u00e0 150 ans.<\/p>\n<p>Il n&rsquo;y a pas de quantit\u00e9 limit\u00e9e.<\/p>\n<p>Voici le d\u00e9tail :<\/p>\n<h1><span style=\"font-size: small;\">ORLANDO &#8211; CASQUETTE HOMME 6 PANNEAUX<\/span><\/h1>\n<div>\n<p>D\u00e9signation :<\/p>\n<div>100% coton serg\u00e9 bross\u00e9 \u00e9pais. Visi\u00e8re pr\u00e9form\u00e9e. Fermeture arri\u00e8re r\u00e9glable par boucle m\u00e9tallique argent mat + passant.Mod\u00e8le enfant K042 disponible<\/div>\n<\/div>\n<div id=\"cartons\">\n<div>\n<p>Grammage\u00a0\u00a0\u00a0\u00a0 260 gr\/m\u00b2<\/p>\n<p>Voici quelques exemples de motifs sur casquette :<\/p>\n<p>[nggallery id=1]<\/p>\n<p>Je peux \u00e9galement r\u00e9aliser des casquettes avec les \u00e9cussons d&rsquo;associations ou d&rsquo;unit\u00e9 comme l&rsquo;exemple ci dessous<\/p>\n<p><a href=\"http:\/\/www.alex-broderie.fr\/wp-content\/uploads\/2011\/10\/Broderie-insigne-dunit\u00e91.jpg\"><img loading=\"lazy\" decoding=\"async\" class=\"alignnone size-medium wp-image-255\" src=\"http:\/\/www.alex-broderie.fr\/wp-content\/uploads\/2011\/10\/Broderie-insigne-dunit\u00e91-154x300.jpg\" alt=\"Broderie insigne d'unit\u00e9\" width=\"154\" height=\"300\" \/><\/a><\/p>\n<p>Voici les coloris possibles.<\/p>\n<p>Merci de <a title=\"Contact\" href=\"http:\/\/www.alex-broderie.fr\/?page_id=13\">contacter Alex Broderie <\/a>pour connaitre les disponibilit\u00e9s<a href=\"http:\/\/www.toptex.fr\/media\/catalog\/product\/cache\/1\/image\/9df78eab33525d08d6e5fb8d27136e95\/K\/0\/K011.jpg\" rel=\"gal1\"><!--                                  jQuery(document).ready(function() {                                          jQuery('.jqzoom').click(function() {                                          var minipan = jQuery(document.createElement('div')).addClass('zoom-pan');                     var img = jQuery(new Image()).attr('src', jQuery(this).attr('href'));                     var children = jQuery('.wrapper').children();                              children.each(function(){                         jQuery(this).hide();                     })                                                         jQuery('body').append(img);                                          var image = img.width();                     var ecran = jQuery(window).width();                     var image_height = img.height();                                          ratio = ecran \/ image;                                          img.css({                         zIndex:'2000',                         left: 0,                         position: 'absolute',                         top: 0,                         width: '100%'                                             });                                          img.height(image_height * ratio +' px');                                          jQuery(window).resize(function() {                         var ecran = jQuery(window).width();                         ratio = ecran \/ image;                         img.width('100%');                         img.height(image_height * ratio +' px'); \t                     });                          jQuery(document).bind('mousemove',function(e){                        var top = (e.pageY - jQuery(document).scrollTop()\/2) ;                        jQuery(document).scrollTop(top);                     });                                        img.click(function() {                         img.remove();                            jQuery(document).unbind('mousemove');                         children.each(function(){                             jQuery(this).show();                         });                                              });                     return false;                 });                  jQuery('.jqzoom').jqzoom({                     zoomType: 'standard',                     lens:true,                     alwaysOn:false,                     loader_image: 'http:\/\/www.toptex.fr\/skin\/frontend\/toptex\/default\/images\/zoom\/loader.gif',                     preloadText: 'Chargement en cours...',                     thumb_opacity: 0.7,                     animation_speed: 400,                     width: 510,                     display_back_and_forward: 0,                     scroll_jump: 342,                     height: 320,                     display_next_and_prev: false,                     zoomWidth: 430,                     zoomHeight: 320,                     xOffset :0,                     useSingle: true,                     zoomType:'standard',                     hideEffect:'hide',                     preloadImages:false                                              });                                  jQuery('.zoomPad').css({                     'margin-bottom':'20px'                 });                                    jQuery(document).ready(function() {                  jQuery('#thumblist').jcarousel({                      visible:3,                      scroll:1                  });                 });               }); \/\/ --><\/a><\/p>\n<div>\n<p>\u00a0<\/p>\n<table style=\"width: 566px; height: 350px;\" cellspacing=\"0\" cellpadding=\"3\">\n<tbody>\n<tr>\n<td><img decoding=\"async\" title=\"Black \/ Yellow\" src=\"http:\/\/www.toptex.fr\/media\/catalog\/product\/gamme\/pictos\/23600.jpg\" alt=\"Black \/ Yellow\" \/> Black \/ Yellow<\/td>\n<td><img decoding=\"async\" title=\"Black \/ Orange\" src=\"http:\/\/www.toptex.fr\/media\/catalog\/product\/gamme\/pictos\/23601.jpg\" alt=\"Black \/ Orange\" \/> Black \/ Orange<\/td>\n<td><img decoding=\"async\" title=\"Black \/ Lime\" src=\"http:\/\/www.toptex.fr\/media\/catalog\/product\/gamme\/pictos\/23602.jpg\" alt=\"Black \/ Lime\" \/> Black \/ Lime<\/td>\n<\/tr>\n<tr>\n<td><img decoding=\"async\" title=\"Black \/ Royal Blue\" src=\"http:\/\/www.toptex.fr\/media\/catalog\/product\/gamme\/pictos\/23607.jpg\" alt=\"Black \/ Royal Blue\" \/> Black \/ Royal Blue<\/td>\n<td><img decoding=\"async\" title=\"Black\" src=\"http:\/\/www.toptex.fr\/media\/catalog\/product\/gamme\/pictos\/23611.jpg\" alt=\"Black\" \/> Black<\/td>\n<td><img decoding=\"async\" title=\"Black \/ White\" src=\"http:\/\/www.toptex.fr\/media\/catalog\/product\/gamme\/pictos\/24846.jpg\" alt=\"Black \/ White\" \/> Black \/ White<\/td>\n<\/tr>\n<tr>\n<td><img decoding=\"async\" title=\"Black \/ Red\" src=\"http:\/\/www.toptex.fr\/media\/catalog\/product\/gamme\/pictos\/8345.jpg\" alt=\"Black \/ Red\" \/> Black \/ Red<\/td>\n<td><img decoding=\"async\" title=\"Chocolate \/ Beige\" src=\"http:\/\/www.toptex.fr\/media\/catalog\/product\/gamme\/pictos\/8346.jpg\" alt=\"Chocolate \/ Beige\" \/> Chocolate \/ Beige<\/td>\n<td><img decoding=\"async\" title=\"Red \/ Yellow\" src=\"http:\/\/www.toptex.fr\/media\/catalog\/product\/gamme\/pictos\/23609.jpg\" alt=\"Red \/ Yellow\" \/> Red \/ Yellow<\/td>\n<\/tr>\n<tr>\n<td><img decoding=\"async\" title=\"Black \/ Yellow \/ Red\" src=\"http:\/\/www.toptex.fr\/media\/catalog\/product\/gamme\/pictos\/23614.jpg\" alt=\"Black \/ Yellow \/ Red\" \/> Black \/ Yellow \/ Red<\/td>\n<td><img decoding=\"async\" title=\"Red \/ Black\" src=\"http:\/\/www.toptex.fr\/media\/catalog\/product\/gamme\/pictos\/23608.jpg\" alt=\"Red \/ Black\" \/> Red \/ Black<\/td>\n<td><img decoding=\"async\" title=\"Red \/ White\" src=\"http:\/\/www.toptex.fr\/media\/catalog\/product\/gamme\/pictos\/24843.jpg\" alt=\"Red \/ White\" \/> Red \/ White<\/td>\n<\/tr>\n<tr>\n<td><img decoding=\"async\" title=\"Red \/ White \/ Green\" src=\"http:\/\/www.toptex.fr\/media\/catalog\/product\/gamme\/pictos\/23615.jpg\" alt=\"Red \/ White \/ Green\" \/> Red \/ White \/ Green<\/td>\n<td><img decoding=\"async\" title=\"Burgundy \/ White\" src=\"http:\/\/www.toptex.fr\/media\/catalog\/product\/gamme\/pictos\/24845.jpg\" alt=\"Burgundy \/ White\" \/> Burgundy \/ White<\/td>\n<td><img decoding=\"async\" title=\"Beige \/ White\" src=\"http:\/\/www.toptex.fr\/media\/catalog\/product\/gamme\/pictos\/24844.jpg\" alt=\"Beige \/ White\" \/> Beige \/ White<\/td>\n<\/tr>\n<tr>\n<td><img decoding=\"async\" title=\"Yellow \/ Slate Grey\" src=\"http:\/\/www.toptex.fr\/media\/catalog\/product\/gamme\/pictos\/8350.jpg\" alt=\"Yellow \/ Slate Grey\" \/> Yellow \/ Slate Grey<\/td>\n<td><img decoding=\"async\" title=\"Orange \/ Navy\" src=\"http:\/\/www.toptex.fr\/media\/catalog\/product\/gamme\/pictos\/8344.jpg\" alt=\"Orange \/ Navy\" \/> Orange \/ Navy<\/td>\n<td><img decoding=\"async\" title=\"Olive Green \/ Beige\" src=\"http:\/\/www.toptex.fr\/media\/catalog\/product\/gamme\/pictos\/8337.jpg\" alt=\"Olive Green \/ Beige\" \/> Olive Green \/ Beige<\/td>\n<\/tr>\n<tr>\n<td><img decoding=\"async\" title=\"Khaki \/ Black\" src=\"http:\/\/www.toptex.fr\/media\/catalog\/product\/gamme\/pictos\/23598.jpg\" alt=\"Khaki \/ Black\" \/> Khaki \/ Black<\/td>\n<td><img decoding=\"async\" title=\"Navy \/ Pink\" src=\"http:\/\/www.toptex.fr\/media\/catalog\/product\/gamme\/pictos\/23599.jpg\" alt=\"Navy \/ Pink\" \/> Navy \/ Pink<\/td>\n<td><img decoding=\"async\" title=\"Forest Green \/ Beige\" src=\"http:\/\/www.toptex.fr\/media\/catalog\/product\/gamme\/pictos\/8339.jpg\" alt=\"Forest Green \/ Beige\" \/> Forest Green \/ Beige<\/td>\n<\/tr>\n<tr>\n<td><img decoding=\"async\" title=\"Kelly Green \/ Black\" src=\"http:\/\/www.toptex.fr\/media\/catalog\/product\/gamme\/pictos\/8348.jpg\" alt=\"Kelly Green \/ Black\" \/> Kelly Green \/ Black<\/td>\n<td><img decoding=\"async\" title=\"Royal \/ White \/ Red\" src=\"http:\/\/www.toptex.fr\/media\/catalog\/product\/gamme\/pictos\/23613.jpg\" alt=\"Royal \/ White \/ Red\" \/> Royal \/ White \/ Red<\/td>\n<td><img decoding=\"async\" title=\"Navy \/ Yellow\" src=\"http:\/\/www.toptex.fr\/media\/catalog\/product\/gamme\/pictos\/23605.jpg\" alt=\"Navy \/ Yellow\" \/> Navy \/ Yellow<\/td>\n<\/tr>\n<tr>\n<td><img decoding=\"async\" title=\"Navy \/ Sky\" src=\"http:\/\/www.toptex.fr\/media\/catalog\/product\/gamme\/pictos\/23606.jpg\" alt=\"Navy \/ Sky\" \/> Navy \/ Sky<\/td>\n<td><img decoding=\"async\" title=\"Navy\" src=\"http:\/\/www.toptex.fr\/media\/catalog\/product\/gamme\/pictos\/23610.jpg\" alt=\"Navy\" \/> Navy<\/td>\n<td><img decoding=\"async\" title=\"Navy \/ White\" src=\"http:\/\/www.toptex.fr\/media\/catalog\/product\/gamme\/pictos\/24840.jpg\" alt=\"Navy \/ White\" \/> Navy \/ White<\/td>\n<\/tr>\n<tr>\n<td><img decoding=\"async\" title=\"Royal Blue \/ White\" src=\"http:\/\/www.toptex.fr\/media\/catalog\/product\/gamme\/pictos\/24842.jpg\" alt=\"Royal Blue \/ White\" \/> Royal Blue \/ White<\/td>\n<td><img decoding=\"async\" title=\"Sky Blue \/ White\" src=\"http:\/\/www.toptex.fr\/media\/catalog\/product\/gamme\/pictos\/24841.jpg\" alt=\"Sky Blue \/ White\" \/> Sky Blue \/ White<\/td>\n<td><img decoding=\"async\" title=\"White \/ Navy\" src=\"http:\/\/www.toptex.fr\/media\/catalog\/product\/gamme\/pictos\/8342.jpg\" alt=\"White \/ Navy\" \/> White \/ Navy<\/td>\n<\/tr>\n<tr>\n<td><img decoding=\"async\" title=\"Dark Grey \/ Orange\" src=\"http:\/\/www.toptex.fr\/media\/catalog\/product\/gamme\/pictos\/23604.jpg\" alt=\"Dark Grey \/ Orange\" \/> Dark Grey \/ Orange<\/td>\n<td><img decoding=\"async\" title=\"Dark Grey \/ Black\" src=\"http:\/\/www.toptex.fr\/media\/catalog\/product\/gamme\/pictos\/8347.jpg\" alt=\"Dark Grey \/ Black\" \/> Dark Grey \/ Black<\/td>\n<td><img decoding=\"async\" title=\"Slate Grey \/ Red\" src=\"http:\/\/www.toptex.fr\/media\/catalog\/product\/gamme\/pictos\/23603.jpg\" alt=\"Slate Grey \/ Red\" \/> Slate Grey \/ Red<\/td>\n<\/tr>\n<tr>\n<td><img decoding=\"async\" title=\"Slate Grey \/ Light Grey\" src=\"http:\/\/www.toptex.fr\/media\/catalog\/product\/gamme\/pictos\/8343.jpg\" alt=\"Slate Grey \/ Light Grey\" \/> Slate Grey \/ Light Grey<\/td>\n<td><img decoding=\"async\" title=\"White\" src=\"http:\/\/www.toptex.fr\/media\/catalog\/product\/gamme\/pictos\/23612.jpg\" alt=\"White\" \/> White<\/td>\n<td><img decoding=\"async\" title=\"White \/ Red\" src=\"http:\/\/www.toptex.fr\/media\/catalog\/product\/gamme\/pictos\/8349.jpg\" alt=\"White \/ Red\" \/> White \/ Red<\/td>\n<\/tr>\n<\/tbody>\n<\/table>\n<div>Le prix pour ces casquettes est de 10 euros pour les motifs en filaire ou les pr\u00e9noms.<\/div>\n<div>Pour les dessins remplis de couleur, le prix va vari\u00e9 en fonction du nombre de point. Il faut donc demander un devis.<\/div>\n<\/div>\n<div id=\"colorsandsizes\">\u00a0<\/div>\n<p>Bien entendu tous les motifs peuvent \u00eatre reproduit sur d&rsquo;autres support tel que Tee Shirt, Polo, serviette, etc.<\/p>\n<p>Alex Broderie reste \u00e0 votre disposition pour toutes demandes sp\u00e9cifiques concernant la broderie bien entendu :-), utilisez <a title=\"Contact\" href=\"http:\/\/www.alex-broderie.fr\/?page_id=13\">le formulaire de contact<\/a>.<\/p>\n<\/div>\n<\/div>\n\n\n<p><\/p>\n","protected":false},"excerpt":{"rendered":"<p>Alex broderie a la capacit\u00e9 de broder sur casquette des logos ou des dessins. Alex broderie utilise des casquettes de\u00a0qualit\u00e9 et en taille unique permettant d&rsquo;aller sur toutes les t\u00eates de l&rsquo;\u00e2ge de 4 ans \u00e0 150 ans. Il n&rsquo;y a pas de quantit\u00e9 limit\u00e9e. Voici le d\u00e9tail : ORLANDO &#8211; CASQUETTE HOMME 6 PANNEAUX [&hellip;]<\/p>\n","protected":false},"author":2,"featured_media":0,"parent":10,"menu_order":2,"comment_status":"closed","ping_status":"closed","template":"","meta":{"footnotes":""},"class_list":["post-29","page","type-page","status-publish","hentry"],"_links":{"self":[{"href":"https:\/\/www.alex-broderie.fr\/index.php\/wp-json\/wp\/v2\/pages\/29","targetHints":{"allow":["GET"]}}],"collection":[{"href":"https:\/\/www.alex-broderie.fr\/index.php\/wp-json\/wp\/v2\/pages"}],"about":[{"href":"https:\/\/www.alex-broderie.fr\/index.php\/wp-json\/wp\/v2\/types\/page"}],"author":[{"embeddable":true,"href":"https:\/\/www.alex-broderie.fr\/index.php\/wp-json\/wp\/v2\/users\/2"}],"replies":[{"embeddable":true,"href":"https:\/\/www.alex-broderie.fr\/index.php\/wp-json\/wp\/v2\/comments?post=29"}],"version-history":[{"count":1,"href":"https:\/\/www.alex-broderie.fr\/index.php\/wp-json\/wp\/v2\/pages\/29\/revisions"}],"predecessor-version":[{"id":1764,"href":"https:\/\/www.alex-broderie.fr\/index.php\/wp-json\/wp\/v2\/pages\/29\/revisions\/1764"}],"up":[{"embeddable":true,"href":"https:\/\/www.alex-broderie.fr\/index.php\/wp-json\/wp\/v2\/pages\/10"}],"wp:attachment":[{"href":"https:\/\/www.alex-broderie.fr\/index.php\/wp-json\/wp\/v2\/media?parent=29"}],"curies":[{"name":"wp","href":"https:\/\/api.w.org\/{rel}","templated":true}]}}